visor of 97340 and 201650?
10
Calculate the highest common factor of 2187 and 21181149.
27
What is the greatest common divisor of 404996438 and 17556?
2926
Calculate the greatest common factor of 1628 and 7119651.
407
Calculate the greatest common factor of 12004419 and 26673.
1569
What is the greatest common divisor of 33366475 and 6862?
3431
What is the greatest common factor of 45627588 and 59204?
3116
What is the highest common divisor of 26288 and 1961?
53
Calculate the greatest common factor of 7137900 and 322287.
2163
Calculate the highest common factor of 496673030 and 28.
14
Calculate the highest common divisor of 449092 and 222740.
1204
What is the highest common factor of 24308 and 587924?
412
Calculate the greatest common divisor of 89756264 and 208.
104
Calculate the greatest common divisor of 126 and 326529.
63
What is the highest common factor of 466 and 226600189?
233
Calculate the highest common factor of 1611808 and 2095736.
1928
Calculate the highest common divisor of 4 and 32881252.
4
What is the highest common factor of 9639421 and 22?
11
What is the highest common divisor of 7650723 and 123?
123
Calculate the highest common divisor of 32876760 and 5040.
840
Calculate the highest common factor of 3756705 and 138.
69
What is the greatest common divisor of 234 and 14857219?
13
What is the highest common factor of 7530295 and 305?
5
What is the greatest common divisor of 1064457 and 1251?
9
What is the highest common divisor of 2656 and 2464104?
664
Calculate the highest common factor of 1641 and 20609866.
547
Calculate the highest common divisor of 22 and 888329794.
22
Calculate the highest common divisor of 126789 and 23803.
13
Calculate the greatest common factor of 112 and 1670183648.
112
Calculate the greatest common divisor of 4575013 and 286959.
2333
Calculate the highest common divisor of 1273 and 301567.
67
What is the highest common divisor of 1722422244 and 12?
12
Calculate the highest common divisor of 807429359 and 33.
11
What is the greatest common divisor of 2418 and 85962?
6
What is the greatest common factor of 1014741 and 26727?
177
Calculate the highest common divisor of 53584 and 18224.
272
Calculate the greatest common factor of 24480 and 25060320.
1440
Calculate the highest common divisor of 47208402 and 1030.
206
What is the greatest common divisor of 58971165 and 1815?
1815
What is the greatest common factor of 5261532 and 3684?
12
What is the highest common divisor of 1920 and 2009040?
240
Calculate the highest common divisor of 15681296 and 240.
16
Calculate the greatest common divisor of 362 and 9908483.
181
What is the greatest common factor of 1467230 and 30?
10
What is the highest common factor of 116708093 and 31755?
2117
What is the highest common divisor of 521138 and 1602?
2
Calculate the greatest common divisor of 1155 and 2216235.
105
Calculate the highest common divisor of 23391 and 55041057.
1017
What is the highest common divisor of 15260 and 1955024?
436
What is the highest common divisor of 2244 and 115148?
44
Calculate the highest common factor of 2406758 and 994.
142
Calculate the greatest common factor of 7571305 and 2488605.
4795
Calculate the greatest common factor of 143340 and 660.
60
Calculate the highest common divisor of 2662 and 4408492.
22
What is the highest common factor of 8013 and 507?
3
Calculate the greatest common divisor of 4375539 and 1008.
63
What is the highest common factor of 5715 and 135732393?
1143
What is the greatest common divisor of 4800 and 49650000?
1200
Calculate the highest common divisor of 5136 and 683301144.
2568
What is the highest common factor of 15946 and 398693282?
2278
What is the greatest common divisor of 4173 and 143247?
39
What is the greatest common divisor of 77 and 568861524?
77
What is the highest common divisor of 8492 and 31757?
11
What is the greatest common factor of 37884 and 3477012?
924
Calculate the greatest common factor of 1340 and 748390.
670
Calculate the greatest common factor of 42 and 283612.
14
Calculate the greatest common factor of 77504 and 276122532.
4844
What is the greatest common divisor of 2 and 179807?
1
What is the highest common factor of 34361351 and 1?
1
Calculate the greatest common divisor of 1188 and 112543560.
108
Calculate the highest common factor of 2488701 and 1182.
591
What is the greatest common factor of 3312708 and 33504?
4188
Calculate the highest common factor of 24552 and 91595328.
8184
What is the highest common divisor of 80 and 3514120?
40
What is the greatest common divisor of 34632794 and 9352?
2338
What is the greatest common factor of 31651 and 8215?
31
What is the highest common factor of 29681092 and 140?
28
What is the greatest common divisor of 16 and 631214?
2
Calculate the greatest common divisor of 7444878 and 204.
102
What is the greatest common divisor of 8274256 and 188?
188
What is the highest common factor of 274504 and 502?
2
What is the greatest common divisor of 31143882 and 945?
21
What is the highest common divisor of 249875028 and 468?
468
What is the greatest common factor of 8172318 and 59829?
1617
What is the highest common factor of 593397 and 1197?
63
What is the greatest common divisor of 17375578 and 524?
262
Calculate the greatest common divisor of 6465662 and 157438.
446
Calculate the greatest common divisor of 4797 and 109478.
1
What is the greatest common divisor of 132908 and 3282172?
596
Calculate the highest common factor of 6777 and 57051.
27
What is the highest common divisor of 140093461 and 4843?
4843
What is the greatest common divisor of 36983770 and 113?
113
What is the greatest common divisor of 4711 and 1296871?
673
Calculate the greatest common divisor of 1994918 and 1199.
109
Calculate the highest common divisor of 3026130 and 65.
5
What is the highest common divisor of 47 and 132853?
1
Calculate the greatest common divisor of 1068 and 27833682.
534
What is the highest common divisor of 20959104 and 3072?
384
What is the greatest common factor of 456 and 4667368?
8
What is the greatest common factor of 440 and 57206?
2
What is the highest common divisor of 16411601 and 47?
47
What is the greatest common factor of 12285 and 677781?
351
Calculate the greatest common factor of 360 and 2475072.
72
Calculate the greatest common factor of 5183330 and 740.
370
What is the greatest common factor of 285376 and 20237?
343
What is the greatest common divisor of 2541 and 26104386?
231
What is the greatest common divisor of 37660 and 95620?
140
Calculate the highest common divisor of 1003083339 and 3635.
727
What is the highest common factor of 1116213 and 6969?
69
Calculate the greatest common divisor of 15691 and 251624.
71
Calculate the greatest common divisor of 1345 and 59260.
5
Calculate the highest common divisor of 4620016 and 656.
16
What is the greatest common factor of 11213135 and 57?
19
Calculate the highest common factor of 104385737 and 47449.
2063
What is the greatest common divisor of 687 and 19761097?
229
What is the highest common divisor of 46170 and 29488?
38
What is the highest common factor of 170 and 7532462?
34
Calculate the greatest common divisor of 5072 and 10852178.
634
What is the highest common divisor of 1028 and 231065102?
514
What is the greatest common factor of 10110 and 40791828?
2022
Calculate the greatest common factor of 374021 and 4664.
53
What is the greatest common factor of 143 and 190124?
11
Calculate the highest common divisor of 35 and 2614661.
7
Calculate the highest common divisor of 1533 and 402420165.
1533
What is the greatest common divisor of 9975 and 3130505?
35
Calculate the highest common divisor of 1501162982 and 22.
22
Calculate the greatest common factor of 1441280 and 30.
10
Calculate the highest common factor of 154 and 861392.
14
What is the greatest common divisor of 34580 and 239876?
364
What is the highest common factor of 15 and 495589755?
15
What is the highest common factor of 94658144 and 336?
112
Calculate the highest common divisor of 10745608 and 82.
82
What is the greatest common divisor of 464 and 57675258?
58
What is the greatest common factor of 282 and 257695407?
141
Calculate the highest common factor of 721640700 and 39600.
9900
Calculate the highest common factor of 17823